o = -600 + 604. Suppose -o*x = u - 166, 2*u - 136*x = -132*x + 380. Calculate the remainder when u is divided by 93.
89
Suppose 2*d - 1976 = -4*f, f + 338 - 826 = -2*d. What is the remainder when f is divided by 178?
140
Let i(q) = 5*q**3 - 3*q**2 + q + 4. Suppose 21*c + 2*u = 470, -c + 2*u + 36 = c. What is the remainder when i(4) is divided by c?
16
Let m(t) be the first derivative of t**4/4 + 3*t**3 + t**2/2 - 25*t + 124. What is the remainder when 142 is divided by m(-6)?
65
Suppose -3303 = -3*v + 5*m, 33*m - 2210 = -2*v + 35*m. Calculate the remainder when v is divided by 35.
26
Let p = -213 - -317. Suppose 0 = -2*o - 4*n + p, n - 2*n - 128 = -3*o. Calculate the remainder when o is divided by 13.
5
Let j = 31979 + -13026. Calculate the remainder when j is divided by 39.
38
Let w be 3/6 - (-34)/(-4). Let u(f) = -f**2 + 19*f - 73. Let y be u(10). Calculate the remainder when 39 is divided by 8 + w/2 + y.
18
Suppose 2*d - 3*m - 7 = 0, 0 = -3*d - 4*m + 89 - 53. What is the remainder when 814 is divided by d?
6
Let i(k) = -k**3 - 21*k**2 + 23*k + 25. Let y be i(-22). Suppose 9 - 3 = y*r. Let n(c) = 5*c**2 - 2*c + 3. Calculate the remainder when 34 is divided by n(r).
15
Let t be (-92)/115*10/(-4). What is the remainder when 94 is divided by (-1176)/(-48) + t/4?
19
Suppose -c - 124*t = -125*t - 152, 0 = -3*c + t + 464. What is the remainder when 333 is divided by c?
21
Suppose 0 = 3*p + 3, -p = -5*z + 10*z - 14. Suppose -3*q - 2*q - z*s = -86, -5*q - s = -92. What is the remainder when 54 is divided by q?
16
Let c = -209 + 150. Let j = 87 + c. Calculate the remainder when j is divided by 8.
4
Let b = -297 + 317. Suppose -320 = -36*a + b*a. What is the remainder when 159 is divided by a?
19
Suppose 15*m - 691 = -20*n + 16*m, -4*n = 2*m - 158. Suppose -5*t + 160 = 5*h, -2*t = 2*t - 5*h - 101. What is the remainder when n is divided by t?
6
Suppose a = -3*g - 3, -3*g - g = -a + 18. Calculate the remainder when 52 - (165/15 + -6) is divided by a.
5
Let p = 351 - 54. Let w = p + -416. Let b = -81 - w. What is the remainder when 73 is divided by b?
35
Suppose -40*g = -52*g + 612. Calculate the remainder when 448 is divided by g.
40
Suppose 16*q - 23*q + 952 = 0. Calculate the remainder when 669 is divided by q.
125
Let j = -1803 + 1836. Calculate the remainder when 652 is divided by j.
25
Let k be 1*(0 - -5 - 84). Let y be (-553)/(-5) - (-2)/5. Let w = k + y. Calculate the remainder when 126 is divided by w.
30
Let v(r) = r**2 - r - 19. Let k = -19 - -24. Let q be v(k). Let z(h) = 21*h**3 - 3*h**2 + h + 1. What is the remainder when z(q) is divided by 7?
6
Let j(d) = 6*d + 28. Let t be j(-4). Suppose t*l - 73 = 55. What is the remainder when 127 is divided by l?
31
Suppose 2*r + 3*r + 2270 = 0. Let y = r + 471. What is the remainder when 84 is divided by y?
16
Suppose -2*h = 2*c - 3*c - 83, -h - 3 = 0. Let o = -91 - c. Calculate the remainder when 53 is divided by 6 + (0 - (0 + (-5 - o))).
8
Suppose -5208 = -7*i - 0*i. What is the remainder when 557 is divided by (2/(-3))/((-8)/i)?
61
Suppose 1433 = 36*m - 172*m + 27681. Calculate the remainder when 1736 is divided by m.
192
Suppose 2*t = -o + 79, -o + 3*t = -0*t - 79. What is the remainder when (16/(-10) + 2)/(1/585) is divided by o?
76
Let w be 6/(-4)*130/(-15). Suppose 8 = 10*z - 12. Suppose -f - z*i + w = -i, -4*f = 5*i - 48. Calculate the remainder when f is divided by 4.
1
Calculate the remainder when -15 + (-3 - -24) - ((-261 - -4) + 2) is divided by 24.
21
Let p be ((-5)/(-2))/((-185)/(-74))*-2. Let k(u) = -3 - 9*u - 4 - 4*u. What is the remainder when 56 is divided by k(p)?
18
What is the remainder when 682 is divided by (4/(3 + -7))/((-38)/6536)?
166
Suppose -4*l + 63*w - 66*w + 292 = 0, 2*l + 5*w = 160. Calculate the remainder when l is divided by 50.
20
Suppose -3*d = s - 38, -4*s = -d - 3 - 6. Let h(b) = -495*b - 1. Let c be h(-1). Suppose -9*f - 125 + c = 0. What is the remainder when f is divided by d?
8
Let c = 12 + -1. Suppose -5*b + 2*b + 39 = 0. Suppose -b*r + 62 = -16. What is the remainder when c is divided by r?
5
Suppose 4*c + 0*w - 4*w - 1444 = 0, 0 = 2*c - 9*w - 680. Calculate the remainder when c is divided by 70.
17
Let i(f) = 21*f + 27. Let t(q) = -q**3 - 4*q**2 + 62*q + 24. Let m be t(-10). What is the remainder when 423 is divided by i(m)?
90
Suppose 0 = -4*o + 5*u + 71, 87*o - 3*u - 48 = 84*o. Calculate the remainder when 10227 is divided by o.
3
Let q(o) = o**2 + 58*o - 1106. Let h(c) = -5*c**3 + c**2 + c - 1. Calculate the remainder when q(-74) is divided by h(-2).
37
Suppose -25*a = 4*v - 30*a - 752, -4*v - 4*a + 788 = 0. Calculate the remainder when 1928 is divided by v.
191
Suppose -12*r + 148 + 1016 = 0. What is the remainder when r is divided by 25?
22
Suppose 0 = -0*q + 5*q - 250. What is the remainder when (-6 + 13/2)/(4/3176) is divided by q?
47
Let p(g) = -2*g + 36. Let j = 2403 - 2382. What is the remainder when p(-17) is divided by j?
7
Suppose -w = 7*w + 256. Let f = w - -70. Suppose -g + 5*b + 1 = 0, 4*g = -2*b + f + 10. What is the remainder when 21 is divided by g?
10
Let z(o) = -o**3 - 10*o**2 + o + 17. Let s be z(-11). Suppose 12*p + 4*x + s = 15*p, -3*x = 12. Calculate the remainder when 62 is divided by p.
25
Let n = -263 + 338. Let g be 3 + (77 - 2) + 2. Suppose -5*p = 2*i - 3*p - 40, 4*p + g = 4*i. Calculate the remainder when n is divided by i.
15
Let i(g) = 79*g - 455. Suppose -200 = 3*k - 8*k. What is the remainder when k is divided by i(6)?
2
Suppose 179 = m + 2*h, -5*m + 5*h + 141 + 679 = 0. What is the remainder when m is divided by 29?
24
Let k be ((-45)/(-10))/(5/(-90)). Let c = 92 + k. Calculate the remainder when 52 is divided by c.
8
Suppose -7052 + 15735 = 5*j - 5432. What is the remainder when j is divided by 9?
6
Suppose 0 = -5*q - 63*c + 64*c + 51, 0 = -q + 5*c - 33. What is the remainder when (-15)/(-1) - (1 + -2) is divided by q?
4
Suppose -20*u - 81 + 1521 = 0. What is the remainder when 345 is divided by u?
57
Let y(i) = 312*i + 645. Calculate the remainder when 119 is divided by y(-2).
14
Let n(c) = -c**3 + 88*c**2 + 160*c + 1893. What is the remainder when 1879 is divided by n(90)?
19
Let b = 0 - 7. Let d be (-26)/b + (-24)/(-84). Suppose -8*u = -d*u - 88. Calculate the remainder when 108 is divided by u.
20
Let u(s) = -86*s + 50. Let w be u(-2). Calculate the remainder when (1/((-12)/8))/((-2)/w) is divided by 16.
10
Calculate the remainder when 454 is divided by (-16)/88 - 2656/(-88).
4
Let f(o) = -o**3 + 6*o**2 - 5*o + 1. Let b be f(5). Calculate the remainder when 32/(9/7 - b) is divided by 348/30*(-13 + (-434)/(-28)).
25
Calculate the remainder when 220/(-40)*2 - -150 is divided by 42 - (2 + -2)/1.
13
Suppose 10*t - 15 = -5*t. What is the remainder when 23 is divided by (7 - -3) + -7 - (-3)/t?
5
Suppose 0*v + 2 = v. Suppose -h + 4*o = -4*h - 93, 5*o = -v*h - 69. What is the remainder when 32 - (-9)/(h/12) is divided by 15?
13
Suppose 5*b + 103 = 3*p, p + 5*b + 2 = 3. Let l(n) = 2*n**2 - 3*n + 2. Let k be l(-3). Let t = 43 - k. Calculate the remainder when p is divided by t.
12
Suppose 8*t = 94 + 74. Calculate the remainder when 10/(38/(-20) - -2) is divided by t.
16
Suppose -14*p - 2*p = 14*p - 3360. What is the remainder when p is divided by 73?
39
Suppose 97 = -3*k - 5*a, k + 3*k = 3*a - 139. Let q = 90 + k. Suppose -4*t + 79 = -v, -2*t - 4*v + 104 = 42. What is the remainder when q is divided by t?
14
Suppose 3*p + 1920 = 216. Let r = p + 710. Calculate the remainder when r is divided by 25.
17
Let a(k) = k - 53. Let o be a(9). Calculate the remainder when (111/(-12))/(11/o) is divided by 5.
2
Suppose 4*p = 2*z - 28, 0 = -3*z - 4*p + 42 + 10. Suppose 4*b + 42 = -5*r, 25 = -3*b - 2*r - 3. What is the remainder when b/28 - 170/(-7) is divided by z?
8
Let w(f) = -f**3 - 15*f**2 - 10*f + 6. Let c be w(-10). Let u = 424 + c. Calculate the remainder when u is divided by 19.
11
Suppose -3*k + 143 = 77. Let v = k + 39. Suppose 5*n + 0*q - 151 = -2*q, -4*n + 4*q = -132. What is the remainder when v is divided by n?
30
What is the remainder when 254 is divided by ((-12)/(-6)*-66)/(-2)?
56
Let z(b) = b**2 + 6*b - 1. Let i = 39 - 49. Suppose 13*x = 5*x + 928. What is the remainder when x is divided by z(i)?
38
What is the rem